{"id":191,"date":"2021-04-13T11:47:49","date_gmt":"2021-04-13T10:47:49","guid":{"rendered":"http:\/\/www.grupoelteide.com\/distribucion\/?page_id=191"},"modified":"2022-09-10T12:16:00","modified_gmt":"2022-09-10T11:16:00","slug":"contacto","status":"publish","type":"page","link":"https:\/\/www.grupoelteide.com\/distribucion\/contacto\/","title":{"rendered":"Contacto"},"content":{"rendered":"\t\t<div data-elementor-type=\"wp-page\" data-elementor-id=\"191\" class=\"elementor elementor-191\">\n\t\t\t\t\t\t<section class=\"elementor-section elementor-top-section elementor-element elementor-element-ca6d807 elementor-section-full_width elementor-section-height-default elementor-section-height-default\" data-id=\"ca6d807\" data-element_type=\"section\">\n\t\t\t\t\t\t<div class=\"elementor-container elementor-column-gap-no\">\n\t\t\t\t\t<div class=\"elementor-column elementor-col-100 elementor-top-column elementor-element elementor-element-58d24a8\" data-id=\"58d24a8\" data-element_type=\"column\">\n\t\t\t<div class=\"elementor-widget-wrap elementor-element-populated\">\n\t\t\t\t\t\t<div class=\"elementor-element elementor-element-03be332 elementor-widget elementor-widget-image\" data-id=\"03be332\" data-element_type=\"widget\" data-widget_type=\"image.default\">\n\t\t\t\t<div class=\"elementor-widget-container\">\n\t\t\t\t\t\t\t\t\t\t\t\t\t<img fetchpriority=\"high\" decoding=\"async\" width=\"2000\" height=\"800\" src=\"https:\/\/www.grupoelteide.com\/distribucion\/wp-content\/uploads\/cabecera_contacto_super_01.jpg\" class=\"attachment-full size-full wp-image-790\" alt=\"\" srcset=\"https:\/\/www.grupoelteide.com\/distribucion\/wp-content\/uploads\/cabecera_contacto_super_01.jpg 2000w, https:\/\/www.grupoelteide.com\/distribucion\/wp-content\/uploads\/cabecera_contacto_super_01-300x120.jpg 300w, https:\/\/www.grupoelteide.com\/distribucion\/wp-content\/uploads\/cabecera_contacto_super_01-1024x410.jpg 1024w, https:\/\/www.grupoelteide.com\/distribucion\/wp-content\/uploads\/cabecera_contacto_super_01-768x307.jpg 768w, https:\/\/www.grupoelteide.com\/distribucion\/wp-content\/uploads\/cabecera_contacto_super_01-1536x614.jpg 1536w\" sizes=\"(max-width: 2000px) 100vw, 2000px\" \/>\t\t\t\t\t\t\t\t\t\t\t\t\t<\/div>\n\t\t\t\t<\/div>\n\t\t\t\t\t<\/div>\n\t\t<\/div>\n\t\t\t\t\t<\/div>\n\t\t<\/section>\n\t\t\t\t<section class=\"elementor-section elementor-top-section elementor-element elementor-element-f1ce5ab elementor-section-boxed elementor-section-height-default elementor-section-height-default\" data-id=\"f1ce5ab\" data-element_type=\"section\">\n\t\t\t\t\t\t<div class=\"elementor-container elementor-column-gap-default\">\n\t\t\t\t\t<div class=\"elementor-column elementor-col-100 elementor-top-column elementor-element elementor-element-207eb34\" data-id=\"207eb34\" data-element_type=\"column\">\n\t\t\t<div class=\"elementor-widget-wrap elementor-element-populated\">\n\t\t\t\t\t\t<div class=\"elementor-element elementor-element-75fcb54 elementor-widget elementor-widget-spacer\" data-id=\"75fcb54\" data-element_type=\"widget\" data-widget_type=\"spacer.default\">\n\t\t\t\t<div class=\"elementor-widget-container\">\n\t\t\t\t\t<div class=\"elementor-spacer\">\n\t\t\t<div class=\"elementor-spacer-inner\"><\/div>\n\t\t<\/div>\n\t\t\t\t<\/div>\n\t\t\t\t<\/div>\n\t\t\t\t\t<\/div>\n\t\t<\/div>\n\t\t\t\t\t<\/div>\n\t\t<\/section>\n\t\t\t\t<section class=\"elementor-section elementor-top-section elementor-element elementor-element-d325a6e elementor-section-boxed elementor-section-height-default elementor-section-height-default\" data-id=\"d325a6e\" data-element_type=\"section\">\n\t\t\t\t\t\t<div class=\"elementor-container elementor-column-gap-default\">\n\t\t\t\t\t<div class=\"elementor-column elementor-col-100 elementor-top-column elementor-element elementor-element-a0d7943\" data-id=\"a0d7943\" data-element_type=\"column\">\n\t\t\t<div class=\"elementor-widget-wrap elementor-element-populated\">\n\t\t\t\t\t\t<section class=\"elementor-section elementor-inner-section elementor-element elementor-element-2787caa elementor-section-full_width elementor-section-height-default elementor-section-height-default\" data-id=\"2787caa\" data-element_type=\"section\">\n\t\t\t\t\t\t<div class=\"elementor-container elementor-column-gap-default\">\n\t\t\t\t\t<div class=\"elementor-column elementor-col-100 elementor-inner-column elementor-element elementor-element-4a91dd9\" data-id=\"4a91dd9\" data-element_type=\"column\">\n\t\t\t<div class=\"elementor-widget-wrap elementor-element-populated\">\n\t\t\t\t\t\t<div class=\"elementor-element elementor-element-a82c655 elementor-widget elementor-widget-text-editor\" data-id=\"a82c655\" data-element_type=\"widget\" data-widget_type=\"text-editor.default\">\n\t\t\t\t<div class=\"elementor-widget-container\">\n\t\t\t\t\t\t\t<p style=\"text-align: center;\"><span style=\"font-weight: 400;\">Con la misma calidad y atenci\u00f3n, puedes disfrutar de todos nuestros productos caseros de una forma m\u00e1s cercana en nuestra tienda de Madrid (Collado Villalba), o si no, te visitamos a trav\u00e9s de nuestra <strong>DISTRIBUCI\u00d3N MAYORISTA<\/strong>.<\/span><\/p>\t\t\t\t\t\t<\/div>\n\t\t\t\t<\/div>\n\t\t\t\t\t<\/div>\n\t\t<\/div>\n\t\t\t\t\t<\/div>\n\t\t<\/section>\n\t\t\t\t\t<\/div>\n\t\t<\/div>\n\t\t\t\t\t<\/div>\n\t\t<\/section>\n\t\t\t\t<section class=\"elementor-section elementor-top-section elementor-element elementor-element-27e5236 elementor-section-boxed elementor-section-height-default elementor-section-height-default\" data-id=\"27e5236\" data-element_type=\"section\">\n\t\t\t\t\t\t<div class=\"elementor-container elementor-column-gap-default\">\n\t\t\t\t\t<div class=\"elementor-column elementor-col-100 elementor-top-column elementor-element elementor-element-833839d\" data-id=\"833839d\" data-element_type=\"column\">\n\t\t\t<div class=\"elementor-widget-wrap elementor-element-populated\">\n\t\t\t\t\t\t<section class=\"elementor-section elementor-inner-section elementor-element elementor-element-74d655a elementor-section-boxed elementor-section-height-default elementor-section-height-default\" data-id=\"74d655a\" data-element_type=\"section\">\n\t\t\t\t\t\t<div class=\"elementor-container elementor-column-gap-default\">\n\t\t\t\t\t<div class=\"elementor-column elementor-col-50 elementor-inner-column elementor-element elementor-element-15563fc\" data-id=\"15563fc\" data-element_type=\"column\">\n\t\t\t<div class=\"elementor-widget-wrap elementor-element-populated\">\n\t\t\t\t\t\t<div class=\"elementor-element elementor-element-5644b6b elementor-widget elementor-widget-heading\" data-id=\"5644b6b\" data-element_type=\"widget\" data-widget_type=\"heading.default\">\n\t\t\t\t<div class=\"elementor-widget-container\">\n\t\t\t<h4 class=\"elementor-heading-title elementor-size-default\">Horarios telef\u00f3nicos de distribuci\u00f3n<\/h4>\t\t<\/div>\n\t\t\t\t<\/div>\n\t\t\t\t<div class=\"elementor-element elementor-element-bcf6801 elementor-widget elementor-widget-text-editor\" data-id=\"bcf6801\" data-element_type=\"widget\" data-widget_type=\"text-editor.default\">\n\t\t\t\t<div class=\"elementor-widget-container\">\n\t\t\t\t\t\t\t<p style=\"text-align: center;\"><span style=\"font-weight: 400;\"><strong>De lunes a viernes<\/strong><br \/>De 9:30h. a 20:30h.<\/span><\/p><p style=\"text-align: center;\"><span style=\"font-weight: 400;\"><strong>S\u00e1bados<\/strong><br \/>De 10:00h. a 14:00h.<\/span><\/p><p style=\"text-align: center;\"><span style=\"font-weight: 400;\"><strong>Domingos y festivos<\/strong><br \/>Cerrados\u00a0<\/span><\/p><p style=\"text-align: center;\"><strong>Correo electr\u00f3nico<\/strong><br \/><a href=\"mailto:distribucioneselteide@gmail.com\"><span style=\"font-weight: 400;\">distribucioneselteide@gmail.com<\/span><\/a><\/p><p style=\"text-align: center;\"><span style=\"font-weight: 400;\"><strong>Tel\u00e9fono de contacto<\/strong><br \/>619 222 069<\/span><\/p>\t\t\t\t\t\t<\/div>\n\t\t\t\t<\/div>\n\t\t\t\t\t<\/div>\n\t\t<\/div>\n\t\t\t\t<div class=\"elementor-column elementor-col-50 elementor-inner-column elementor-element elementor-element-4d57805\" data-id=\"4d57805\" data-element_type=\"column\">\n\t\t\t<div class=\"elementor-widget-wrap elementor-element-populated\">\n\t\t\t\t\t\t<div class=\"elementor-element elementor-element-cc1eeeb elementor-widget elementor-widget-heading\" data-id=\"cc1eeeb\" data-element_type=\"widget\" data-widget_type=\"heading.default\">\n\t\t\t\t<div class=\"elementor-widget-container\">\n\t\t\t<h4 class=\"elementor-heading-title elementor-size-default\">Horarios de tienda<\/h4>\t\t<\/div>\n\t\t\t\t<\/div>\n\t\t\t\t<div class=\"elementor-element elementor-element-fc94993 elementor-widget elementor-widget-text-editor\" data-id=\"fc94993\" data-element_type=\"widget\" data-widget_type=\"text-editor.default\">\n\t\t\t\t<div class=\"elementor-widget-container\">\n\t\t\t\t\t\t\t<p style=\"text-align: center;\"><a href=\"http:\/\/www.grupoelteide.com\/supermercado\/contacto\/\">Consultar horarios<\/a><\/p><p style=\"text-align: center;\"><span style=\"font-weight: 400;\"><strong>Correo electr\u00f3nico<\/strong><br \/><a href=\"mailto:sup.elteide@gmail.com\">sup.elteide@gmail.com<\/a><\/span><\/p><p style=\"text-align: center;\"><span style=\"font-weight: 400;\"><strong>Tel\u00e9fono de tienda<\/strong><br \/>91 850 01 33<\/span><\/p>\t\t\t\t\t\t<\/div>\n\t\t\t\t<\/div>\n\t\t\t\t\t<\/div>\n\t\t<\/div>\n\t\t\t\t\t<\/div>\n\t\t<\/section>\n\t\t\t\t\t<\/div>\n\t\t<\/div>\n\t\t\t\t\t<\/div>\n\t\t<\/section>\n\t\t\t\t<section class=\"elementor-section elementor-top-section elementor-element elementor-element-ef6700d elementor-section-boxed elementor-section-height-default elementor-section-height-default\" data-id=\"ef6700d\" data-element_type=\"section\">\n\t\t\t\t\t\t<div class=\"elementor-container elementor-column-gap-default\">\n\t\t\t\t\t<div class=\"elementor-column elementor-col-100 elementor-top-column elementor-element elementor-element-baadc96\" data-id=\"baadc96\" data-element_type=\"column\">\n\t\t\t<div class=\"elementor-widget-wrap elementor-element-populated\">\n\t\t\t\t\t\t<div class=\"elementor-element elementor-element-a83ad5f elementor-widget elementor-widget-text-editor\" data-id=\"a83ad5f\" data-element_type=\"widget\" data-widget_type=\"text-editor.default\">\n\t\t\t\t<div class=\"elementor-widget-container\">\n\t\t\t\t\t\t\t<p style=\"text-align: center;\"><span style=\"font-weight: 400; color: #ff0000;\">(Aquellos domingos o festivos que se abra se avisar\u00e1 con antelaci\u00f3n)<\/span><\/p>\t\t\t\t\t\t<\/div>\n\t\t\t\t<\/div>\n\t\t\t\t\t<\/div>\n\t\t<\/div>\n\t\t\t\t\t<\/div>\n\t\t<\/section>\n\t\t\t\t<section class=\"elementor-section elementor-top-section elementor-element elementor-element-a88bf72 elementor-section-boxed elementor-section-height-default elementor-section-height-default\" data-id=\"a88bf72\" data-element_type=\"section\">\n\t\t\t\t\t\t<div class=\"elementor-container elementor-column-gap-default\">\n\t\t\t\t\t<div class=\"elementor-column elementor-col-100 elementor-top-column elementor-element elementor-element-ccfbe60\" data-id=\"ccfbe60\" data-element_type=\"column\">\n\t\t\t<div class=\"elementor-widget-wrap elementor-element-populated\">\n\t\t\t\t\t\t<div class=\"elementor-element elementor-element-f418d92 elementor-widget elementor-widget-image\" data-id=\"f418d92\" data-element_type=\"widget\" data-widget_type=\"image.default\">\n\t\t\t\t<div class=\"elementor-widget-container\">\n\t\t\t\t\t\t\t\t\t\t\t\t\t<img decoding=\"async\" width=\"150\" height=\"150\" src=\"https:\/\/www.grupoelteide.com\/distribucion\/wp-content\/uploads\/grupoelteide_sello_100_natural_01-150x150.png\" class=\"attachment-thumbnail size-thumbnail wp-image-155\" alt=\"\" srcset=\"https:\/\/www.grupoelteide.com\/distribucion\/wp-content\/uploads\/grupoelteide_sello_100_natural_01-150x150.png 150w, https:\/\/www.grupoelteide.com\/distribucion\/wp-content\/uploads\/grupoelteide_sello_100_natural_01-300x300.png 300w, https:\/\/www.grupoelteide.com\/distribucion\/wp-content\/uploads\/grupoelteide_sello_100_natural_01.png 500w\" sizes=\"(max-width: 150px) 100vw, 150px\" \/>\t\t\t\t\t\t\t\t\t\t\t\t\t<\/div>\n\t\t\t\t<\/div>\n\t\t\t\t<div class=\"elementor-element elementor-element-10eaba5 elementor-widget elementor-widget-image\" data-id=\"10eaba5\" data-element_type=\"widget\" data-widget_type=\"image.default\">\n\t\t\t\t<div class=\"elementor-widget-container\">\n\t\t\t\t\t\t\t\t\t\t\t\t\t<img decoding=\"async\" width=\"2000\" height=\"200\" src=\"https:\/\/www.grupoelteide.com\/distribucion\/wp-content\/uploads\/grupoelteide_titulo_sin_aditivos_01.png\" class=\"attachment-full size-full wp-image-600\" alt=\"\" srcset=\"https:\/\/www.grupoelteide.com\/distribucion\/wp-content\/uploads\/grupoelteide_titulo_sin_aditivos_01.png 2000w, https:\/\/www.grupoelteide.com\/distribucion\/wp-content\/uploads\/grupoelteide_titulo_sin_aditivos_01-300x30.png 300w, https:\/\/www.grupoelteide.com\/distribucion\/wp-content\/uploads\/grupoelteide_titulo_sin_aditivos_01-1024x102.png 1024w, https:\/\/www.grupoelteide.com\/distribucion\/wp-content\/uploads\/grupoelteide_titulo_sin_aditivos_01-768x77.png 768w, https:\/\/www.grupoelteide.com\/distribucion\/wp-content\/uploads\/grupoelteide_titulo_sin_aditivos_01-1536x154.png 1536w\" sizes=\"(max-width: 2000px) 100vw, 2000px\" \/>\t\t\t\t\t\t\t\t\t\t\t\t\t<\/div>\n\t\t\t\t<\/div>\n\t\t\t\t\t<\/div>\n\t\t<\/div>\n\t\t\t\t\t<\/div>\n\t\t<\/section>\n\t\t\t\t<section class=\"elementor-section elementor-top-section elementor-element elementor-element-6d63437 elementor-section-boxed elementor-section-height-default elementor-section-height-default\" data-id=\"6d63437\" data-element_type=\"section\">\n\t\t\t\t\t\t<div class=\"elementor-container elementor-column-gap-default\">\n\t\t\t\t\t<div class=\"elementor-column elementor-col-100 elementor-top-column elementor-element elementor-element-da264bb\" data-id=\"da264bb\" data-element_type=\"column\">\n\t\t\t<div class=\"elementor-widget-wrap elementor-element-populated\">\n\t\t\t\t\t\t<div class=\"elementor-element elementor-element-67161fa elementor-widget elementor-widget-spacer\" data-id=\"67161fa\" data-element_type=\"widget\" data-widget_type=\"spacer.default\">\n\t\t\t\t<div class=\"elementor-widget-container\">\n\t\t\t\t\t<div class=\"elementor-spacer\">\n\t\t\t<div class=\"elementor-spacer-inner\"><\/div>\n\t\t<\/div>\n\t\t\t\t<\/div>\n\t\t\t\t<\/div>\n\t\t\t\t\t<\/div>\n\t\t<\/div>\n\t\t\t\t\t<\/div>\n\t\t<\/section>\n\t\t\t\t<\/div>\n\t\t","protected":false},"excerpt":{"rendered":"<p>Con la misma calidad y atenci\u00f3n, puedes disfrutar de todos nuestros productos caseros de una forma m\u00e1s cercana en nuestra tienda de Madrid (Collado Villalba), o si no, te visitamos a trav\u00e9s de nuestra DISTRIBUCI\u00d3N MAYORISTA. Horarios telef\u00f3nicos de distribuci\u00f3n De lunes a viernesDe 9:30h. a 20:30h. S\u00e1badosDe 10:00h. a 14:00h. Domingos y festivosCerrados\u00a0 Correo &#8230; <a title=\"Contacto\" class=\"read-more\" href=\"https:\/\/www.grupoelteide.com\/distribucion\/contacto\/\" aria-label=\"More on Contacto\">Read more<\/a><\/p>\n","protected":false},"author":1,"featured_media":0,"parent":0,"menu_order":4,"comment_status":"closed","ping_status":"closed","template":"elementor_header_footer","meta":{"footnotes":""},"class_list":["post-191","page","type-page","status-publish"],"yoast_head":"<!-- This site is optimized with the Yoast SEO plugin v23.2 - https:\/\/yoast.com\/wordpress\/plugins\/seo\/ -->\n<title>Contacto - &quot;El Teide&quot; Distribuci\u00f3n<\/title>\n<meta name=\"robots\" content=\"index, follow, max-snippet:-1, max-image-preview:large, max-video-preview:-1\" \/>\n<link rel=\"canonical\" href=\"https:\/\/www.grupoelteide.com\/distribucion\/contacto\/\" \/>\n<meta property=\"og:locale\" content=\"es_ES\" \/>\n<meta property=\"og:type\" content=\"article\" \/>\n<meta property=\"og:title\" content=\"Contacto - &quot;El Teide&quot; Distribuci\u00f3n\" \/>\n<meta property=\"og:description\" content=\"Con la misma calidad y atenci\u00f3n, puedes disfrutar de todos nuestros productos caseros de una forma m\u00e1s cercana en nuestra tienda de Madrid (Collado Villalba), o si no, te visitamos a trav\u00e9s de nuestra DISTRIBUCI\u00d3N MAYORISTA. Horarios telef\u00f3nicos de distribuci\u00f3n De lunes a viernesDe 9:30h. a 20:30h. S\u00e1badosDe 10:00h. a 14:00h. Domingos y festivosCerrados\u00a0 Correo ... Read more\" \/>\n<meta property=\"og:url\" content=\"https:\/\/www.grupoelteide.com\/distribucion\/contacto\/\" \/>\n<meta property=\"og:site_name\" content=\"&quot;El Teide&quot; Distribuci\u00f3n\" \/>\n<meta property=\"article:publisher\" content=\"https:\/\/www.facebook.com\/Grupo-El-Teide-1609186379358008\" \/>\n<meta property=\"article:modified_time\" content=\"2022-09-10T11:16:00+00:00\" \/>\n<meta property=\"og:image\" content=\"http:\/\/www.grupoelteide.com\/distribucion\/wp-content\/uploads\/cabecera_contacto_super_01.jpg\" \/>\n<meta name=\"twitter:card\" content=\"summary_large_image\" \/>\n<meta name=\"twitter:site\" content=\"@Superelteide\" \/>\n<meta name=\"twitter:label1\" content=\"Tiempo de lectura\" \/>\n\t<meta name=\"twitter:data1\" content=\"2 minutos\" \/>\n<script type=\"application\/ld+json\" class=\"yoast-schema-graph\">{\"@context\":\"https:\/\/schema.org\",\"@graph\":[{\"@type\":\"WebPage\",\"@id\":\"https:\/\/www.grupoelteide.com\/distribucion\/contacto\/\",\"url\":\"https:\/\/www.grupoelteide.com\/distribucion\/contacto\/\",\"name\":\"Contacto - &quot;El Teide&quot; Distribuci\u00f3n\",\"isPartOf\":{\"@id\":\"https:\/\/www.grupoelteide.com\/distribucion\/#website\"},\"primaryImageOfPage\":{\"@id\":\"https:\/\/www.grupoelteide.com\/distribucion\/contacto\/#primaryimage\"},\"image\":{\"@id\":\"https:\/\/www.grupoelteide.com\/distribucion\/contacto\/#primaryimage\"},\"thumbnailUrl\":\"http:\/\/www.grupoelteide.com\/distribucion\/wp-content\/uploads\/cabecera_contacto_super_01.jpg\",\"datePublished\":\"2021-04-13T10:47:49+00:00\",\"dateModified\":\"2022-09-10T11:16:00+00:00\",\"breadcrumb\":{\"@id\":\"https:\/\/www.grupoelteide.com\/distribucion\/contacto\/#breadcrumb\"},\"inLanguage\":\"es\",\"potentialAction\":[{\"@type\":\"ReadAction\",\"target\":[\"https:\/\/www.grupoelteide.com\/distribucion\/contacto\/\"]}]},{\"@type\":\"ImageObject\",\"inLanguage\":\"es\",\"@id\":\"https:\/\/www.grupoelteide.com\/distribucion\/contacto\/#primaryimage\",\"url\":\"https:\/\/www.grupoelteide.com\/distribucion\/wp-content\/uploads\/cabecera_contacto_super_01.jpg\",\"contentUrl\":\"https:\/\/www.grupoelteide.com\/distribucion\/wp-content\/uploads\/cabecera_contacto_super_01.jpg\",\"width\":2000,\"height\":800},{\"@type\":\"BreadcrumbList\",\"@id\":\"https:\/\/www.grupoelteide.com\/distribucion\/contacto\/#breadcrumb\",\"itemListElement\":[{\"@type\":\"ListItem\",\"position\":1,\"name\":\"Portada\",\"item\":\"https:\/\/www.grupoelteide.com\/distribucion\/\"},{\"@type\":\"ListItem\",\"position\":2,\"name\":\"Contacto\"}]},{\"@type\":\"WebSite\",\"@id\":\"https:\/\/www.grupoelteide.com\/distribucion\/#website\",\"url\":\"https:\/\/www.grupoelteide.com\/distribucion\/\",\"name\":\"&quot;El Teide&quot; Distribuci\u00f3n\",\"description\":\"www.grupoelteide.com\",\"publisher\":{\"@id\":\"https:\/\/www.grupoelteide.com\/distribucion\/#organization\"},\"potentialAction\":[{\"@type\":\"SearchAction\",\"target\":{\"@type\":\"EntryPoint\",\"urlTemplate\":\"https:\/\/www.grupoelteide.com\/distribucion\/?s={search_term_string}\"},\"query-input\":\"required name=search_term_string\"}],\"inLanguage\":\"es\"},{\"@type\":\"Organization\",\"@id\":\"https:\/\/www.grupoelteide.com\/distribucion\/#organization\",\"name\":\"Grupo El Teide\",\"url\":\"https:\/\/www.grupoelteide.com\/distribucion\/\",\"logo\":{\"@type\":\"ImageObject\",\"inLanguage\":\"es\",\"@id\":\"https:\/\/www.grupoelteide.com\/distribucion\/#\/schema\/logo\/image\/\",\"url\":\"http:\/\/www.grupoelteide.com\/distribucion\/wp-content\/uploads\/2021\/03\/distribucion_elteide_logo_01.jpg\",\"contentUrl\":\"http:\/\/www.grupoelteide.com\/distribucion\/wp-content\/uploads\/2021\/03\/distribucion_elteide_logo_01.jpg\",\"width\":1837,\"height\":735,\"caption\":\"Grupo El Teide\"},\"image\":{\"@id\":\"https:\/\/www.grupoelteide.com\/distribucion\/#\/schema\/logo\/image\/\"},\"sameAs\":[\"https:\/\/www.facebook.com\/Grupo-El-Teide-1609186379358008\",\"https:\/\/x.com\/Superelteide\",\"https:\/\/www.instagram.com\/superelteide\/\"]}]}<\/script>\n<!-- \/ Yoast SEO plugin. -->","yoast_head_json":{"title":"Contacto - &quot;El Teide&quot; Distribuci\u00f3n","robots":{"index":"index","follow":"follow","max-snippet":"max-snippet:-1","max-image-preview":"max-image-preview:large","max-video-preview":"max-video-preview:-1"},"canonical":"https:\/\/www.grupoelteide.com\/distribucion\/contacto\/","og_locale":"es_ES","og_type":"article","og_title":"Contacto - &quot;El Teide&quot; Distribuci\u00f3n","og_description":"Con la misma calidad y atenci\u00f3n, puedes disfrutar de todos nuestros productos caseros de una forma m\u00e1s cercana en nuestra tienda de Madrid (Collado Villalba), o si no, te visitamos a trav\u00e9s de nuestra DISTRIBUCI\u00d3N MAYORISTA. Horarios telef\u00f3nicos de distribuci\u00f3n De lunes a viernesDe 9:30h. a 20:30h. S\u00e1badosDe 10:00h. a 14:00h. Domingos y festivosCerrados\u00a0 Correo ... Read more","og_url":"https:\/\/www.grupoelteide.com\/distribucion\/contacto\/","og_site_name":"&quot;El Teide&quot; Distribuci\u00f3n","article_publisher":"https:\/\/www.facebook.com\/Grupo-El-Teide-1609186379358008","article_modified_time":"2022-09-10T11:16:00+00:00","og_image":[{"url":"http:\/\/www.grupoelteide.com\/distribucion\/wp-content\/uploads\/cabecera_contacto_super_01.jpg"}],"twitter_card":"summary_large_image","twitter_site":"@Superelteide","twitter_misc":{"Tiempo de lectura":"2 minutos"},"schema":{"@context":"https:\/\/schema.org","@graph":[{"@type":"WebPage","@id":"https:\/\/www.grupoelteide.com\/distribucion\/contacto\/","url":"https:\/\/www.grupoelteide.com\/distribucion\/contacto\/","name":"Contacto - &quot;El Teide&quot; Distribuci\u00f3n","isPartOf":{"@id":"https:\/\/www.grupoelteide.com\/distribucion\/#website"},"primaryImageOfPage":{"@id":"https:\/\/www.grupoelteide.com\/distribucion\/contacto\/#primaryimage"},"image":{"@id":"https:\/\/www.grupoelteide.com\/distribucion\/contacto\/#primaryimage"},"thumbnailUrl":"http:\/\/www.grupoelteide.com\/distribucion\/wp-content\/uploads\/cabecera_contacto_super_01.jpg","datePublished":"2021-04-13T10:47:49+00:00","dateModified":"2022-09-10T11:16:00+00:00","breadcrumb":{"@id":"https:\/\/www.grupoelteide.com\/distribucion\/contacto\/#breadcrumb"},"inLanguage":"es","potentialAction":[{"@type":"ReadAction","target":["https:\/\/www.grupoelteide.com\/distribucion\/contacto\/"]}]},{"@type":"ImageObject","inLanguage":"es","@id":"https:\/\/www.grupoelteide.com\/distribucion\/contacto\/#primaryimage","url":"https:\/\/www.grupoelteide.com\/distribucion\/wp-content\/uploads\/cabecera_contacto_super_01.jpg","contentUrl":"https:\/\/www.grupoelteide.com\/distribucion\/wp-content\/uploads\/cabecera_contacto_super_01.jpg","width":2000,"height":800},{"@type":"BreadcrumbList","@id":"https:\/\/www.grupoelteide.com\/distribucion\/contacto\/#breadcrumb","itemListElement":[{"@type":"ListItem","position":1,"name":"Portada","item":"https:\/\/www.grupoelteide.com\/distribucion\/"},{"@type":"ListItem","position":2,"name":"Contacto"}]},{"@type":"WebSite","@id":"https:\/\/www.grupoelteide.com\/distribucion\/#website","url":"https:\/\/www.grupoelteide.com\/distribucion\/","name":"&quot;El Teide&quot; Distribuci\u00f3n","description":"www.grupoelteide.com","publisher":{"@id":"https:\/\/www.grupoelteide.com\/distribucion\/#organization"},"potentialAction":[{"@type":"SearchAction","target":{"@type":"EntryPoint","urlTemplate":"https:\/\/www.grupoelteide.com\/distribucion\/?s={search_term_string}"},"query-input":"required name=search_term_string"}],"inLanguage":"es"},{"@type":"Organization","@id":"https:\/\/www.grupoelteide.com\/distribucion\/#organization","name":"Grupo El Teide","url":"https:\/\/www.grupoelteide.com\/distribucion\/","logo":{"@type":"ImageObject","inLanguage":"es","@id":"https:\/\/www.grupoelteide.com\/distribucion\/#\/schema\/logo\/image\/","url":"http:\/\/www.grupoelteide.com\/distribucion\/wp-content\/uploads\/2021\/03\/distribucion_elteide_logo_01.jpg","contentUrl":"http:\/\/www.grupoelteide.com\/distribucion\/wp-content\/uploads\/2021\/03\/distribucion_elteide_logo_01.jpg","width":1837,"height":735,"caption":"Grupo El Teide"},"image":{"@id":"https:\/\/www.grupoelteide.com\/distribucion\/#\/schema\/logo\/image\/"},"sameAs":["https:\/\/www.facebook.com\/Grupo-El-Teide-1609186379358008","https:\/\/x.com\/Superelteide","https:\/\/www.instagram.com\/superelteide\/"]}]}},"_links":{"self":[{"href":"https:\/\/www.grupoelteide.com\/distribucion\/wp-json\/wp\/v2\/pages\/191","targetHints":{"allow":["GET"]}}],"collection":[{"href":"https:\/\/www.grupoelteide.com\/distribucion\/wp-json\/wp\/v2\/pages"}],"about":[{"href":"https:\/\/www.grupoelteide.com\/distribucion\/wp-json\/wp\/v2\/types\/page"}],"author":[{"embeddable":true,"href":"https:\/\/www.grupoelteide.com\/distribucion\/wp-json\/wp\/v2\/users\/1"}],"replies":[{"embeddable":true,"href":"https:\/\/www.grupoelteide.com\/distribucion\/wp-json\/wp\/v2\/comments?post=191"}],"version-history":[{"count":76,"href":"https:\/\/www.grupoelteide.com\/distribucion\/wp-json\/wp\/v2\/pages\/191\/revisions"}],"predecessor-version":[{"id":935,"href":"https:\/\/www.grupoelteide.com\/distribucion\/wp-json\/wp\/v2\/pages\/191\/revisions\/935"}],"wp:attachment":[{"href":"https:\/\/www.grupoelteide.com\/distribucion\/wp-json\/wp\/v2\/media?parent=191"}],"curies":[{"name":"wp","href":"https:\/\/api.w.org\/{rel}","templated":true}]}}